22 + 44641. Is d a composite number?
True
Let f(i) = -14*i**2 + 27*i - 20. Let q be f(-15). Let d = 6813 + q. Let a = d + -2199. Is a a composite number?
False
Let u = -45 - -51. Let z be 8/u - (-4)/(-36)*3. Is ((-2830)/(-25))/z + 2/(-10) a composite number?
False
Suppose -10*s + 7*s + 12 = 4*x, -2*s + 6 = 2*x. Suppose s = v - d - 9125, -3*d + 45641 = -23*v + 28*v. Is v a composite number?
False
Let o(z) = -z**3 - 11*z**2 + 12*z - 1. Let l be o(-12). Is 62196/7 - (-2)/14*l composite?
True
Let q(b) = 169*b**3 + 23*b**2 - 55*b + 51. Let g be q(15). Suppose 1521150 = 42*y - g. Is y a prime number?
False
Let g be (-5258)/(-77) + -2 + (-12)/(-7). Let t = g + -56. Suppose 0 = t*r - 1083 - 9561. Is r a prime number?
True
Let w(i) = 14*i**2 + 23*i + 68. Let n(q) = -5*q**2 - 8*q - 23. Let s(y) = -17*n(y) - 6*w(y). Let h be s(5). Is (-1173)/h - 2/4 prime?
False
Is (-4)/(-3)*(-239385)/(-20) composite?
False
Is (-2)/(-21) - ((-15761298)/441 + 17) prime?
False
Let w(k) = -16*k**3 + 17*k**2 + 20*k - 10. Is w(-12) prime?
False
Let l(c) = 3*c - 8. Let u be l(9). Let h(b) = -b + 21. Let g be h(u). Suppose 1 = -f, 5*q + g*f - 328 = 5*f. Is q a prime number?
False
Let o(u) = 381*u**3 - 18*u**2 - 4*u - 5. Is o(12) prime?
True
Let i be (-6770)/20 - ((-15)/(-6) + -1). Is ((-16782)/(-4))/(i/88 - -4) a prime number?
False
Suppose 49*w - 47*w = -90. Let q be 1 + 0/1 - (9 - w). Let x = -43 - q. Is x composite?
True
Suppose 0 = 2*c - 4*o - 64962, -175*c + 174*c + 4*o + 32469 = 0. Is c a prime number?
False
Let y(f) = 3047*f**2 - 126*f - 3. Is y(-2) a prime number?
True
Let x be (-33)/396 + 50/24. Suppose -9024 = -n + 5*i, 0 = 2*n - x*i - 4254 - 13754. Is n composite?
False
Suppose -73681 = -d + 341*w - 337*w, -5*d - 4*w + 368477 = 0. Is d a composite number?
False
Let h = -5935 - -43422. Is h composite?
True
Suppose 0 = -2*h - j + 655 - 2570, j = 2*h + 1913. Let y = 2736 + h. Is y composite?
True
Let o(a) = -372*a**3 + 2*a - 1. Let m be o(1). Let k = 1693 - m. Suppose 3*r + k = i, 3*i - 2*r = 2*r + 6207. Is i a prime number?
False
Suppose -5*p - 4*w + 4971967 = 0, 52 = -25*w - 123. Is p prime?
False
Suppose 12*a - 14825 = -66437. Let u = a - -11910. Is u prime?
False
Let v = -32344 - -189231. Is v a prime number?
True
Is (-119781)/(-126)*7*10 composite?
True
Suppose 0 = -74*b + 76*b + 4. Is (-5802188)/(-168) + b/(-12) composite?
False
Suppose -25*x - 2*x = -603153. Is x a prime number?
False
Suppose 21*y = 1914631 + 2278922. Is y prime?
False
Let q be ((-21)/12)/(-2 - (-21)/12). Let h be (-8)/56 + 15/q. Is 0/(-3) + h + 125 prime?
True
Suppose 0 = 2*z + 2*x - 4, -3 = -2*z - 5*x + 1. Suppose -4*g = -h - 13, z*g - 36 = 5*h - 7. Suppose 5*p - b - 2395 = b, -g*b = 0. Is p a composite number?
False
Let q(g) = 43*g**2 + 5*g - 1. Suppose 0 = -19*x - 58 - 18. Is q(x) prime?
False
Suppose 27*q + 26*q - 16639615 = 0. Is q a composite number?
True
Suppose -7*j + 336 = 5*j. Let w = -24 + j. Suppose y + 2*y - 8849 = -w*a, 0 = -4*y - 5*a + 11799. Is y a composite number?
True
Suppose 3308739 = 25*h - 18*h. Is h composite?
True
Suppose -5*s = 5, 6*s - 226 = -3*g + s. Let q = g + -75. Suppose a - 3*u - 301 = 0, q*u + 4 - 2 = 0. Is a a prime number?
False
Suppose -w = -2*v - 2*v + 160037, 3*w = -4*v + 160033. Is v a prime number?
True
Let v be (5 - 2)/(-3)*(-945)/(-21). Is 3/(v/6) - (-124470)/50 prime?
False
Suppose -13*k = -30287 - 34687. Let t = 2791 + k. Is t a prime number?
True
Let s = -507 - -4376. Is s prime?
False
Let f(r) = -7*r + 32. Let m(x) = -4*x - 31. Let b be m(-9). Let p be f(b). Is (14 + 3)*(10 - p) a prime number?
False
Suppose 0*j = -3*j + 138. Let t = 46 - j. Suppose 4*y = -y - 5, t = 5*v + 4*y - 3231. Is v prime?
True
Let c = -16 + 20. Let u = c + -1. Suppose 2*t = -2*x + 142, -2*x - u*x - 335 = -5*t. Is t a composite number?
True
Let l be 130/(-15)*12/16*2. Let n(a) = -9*a**3 - 20*a**2 - 25*a + 23. Is n(l) prime?
True
Suppose 3*w - 3*x - 2860225 = x, x = -7. Is w prime?
True
Let b(d) = 4*d**3 - 4*d**2 + d + 4. Let y be b(4). Suppose -2*n = 2*w + 2*w + 30, n + 5*w + 6 = 0. Let r = n + y. Is r prime?
True
Let j(z) = 2*z**3 + 42*z**2 - 43*z + 31. Let h be j(-22). Let l(d) = 8*d**3 - 21*d**2 - 7*d - 19. Is l(h) a prime number?
True
Suppose 3897 + 1131 = 4*q. Let x = 2463 - q. Suppose -p + x = -451. Is p prime?
True
Let i(r) = 1434*r - 43. Let o be 6 + (-1)/(-5)*0. Is i(o) prime?
False
Let u(a) = a + 8. Let d be u(-10). Let m be 110/(-20)*d/1. Is (m/(-6))/(-11) - 4474/(-12) composite?
False
Suppose -13 = -4*h + 7. Suppose 1492*y - 1511*y = -24548. Suppose -3*i + 4705 = h*n + y, -5*i = 3*n - 2035. Is n prime?
False
Let y be 36/3 - (2 - -6). Suppose -39544 = -d - w, 2*d - 4*d - y*w + 79094 = 0. Is d a prime number?
True
Suppose -w + 4*w - 6 = 0. Suppose -o = w*f - 70980, 2*f = 4*o - 2*o + 70986. Is f a composite number?
False
Suppose -15 = 9*o - 4*o. Let i(z) = z**3 + 3*z**2 + 2. Let m be i(o). Suppose m = -2*l, -3*l + 2207 + 2345 = 5*b. Is b prime?
True
Is -15 + 11 + 25356 + -13 a composite number?
False
Let y(o) = -1016*o - 9. Let w be y(6). Let c = 1278 + w. Is 14/63 - c/27 composite?
False
Let t(i) = -2402*i + 4595. Is t(-54) composite?
True
Let p be 2/(-11) - 2700/33. Let b = p + 84. Suppose 5*w - 2*h - 13715 = 0, -b*w + 3*h + 5457 = 8*h. Is w prime?
True
Let k(b) = 7*b**2 + 12*b + 37. Suppose 5*q + 60 = 9*q. Let l be k(q). Let x = l + -1271. Is x a prime number?
True
Suppose -6 = 2*a, 25*t - 23*t = 4*a + 215294. Is t a prime number?
True
Let f = -179 - -178. Is 1 + f + (-30 - -26933) a composite number?
False
Let o = -212 + 257. Is (-10)/o + (-2585)/(-9) + 0 a composite number?
True
Let g(c) = -516*c - 777. Let n(b) = 129*b + 194. Let z(l) = 4*g(l) + 15*n(l). Is z(-25) a prime number?
False
Let r = -519481 - -1145082. Is r prime?
False
Let t be 0/((5 + -3)*1) - -1. Let i(r) = -178*r**2 + 2. Let d be i(t). Let q = -37 - d. Is q composite?
False
Let d = 39 - 39. Suppose 3*g = n + 2*n + 21, d = -4*g + 5*n + 33. Suppose 0*v = -s + 2*v + 423, -2091 = -5*s - g*v. Is s a prime number?
True
Suppose 4*l = 3*r + 2228, -5*l = -5*r - 0*r - 2785. Suppose -4*q + 2*n = -7610, -q + l = -3*n - 1353. Is q prime?
True
Suppose 0 = -5*p - 1319 - 2041. Let d = p + 1835. Is d a composite number?
False
Let o(u) = -2*u - 10. Let s be o(-8). Suppose l = s*l. Suppose l = -3*t - 4 - 2, 4*m + 4*t - 6484 = 0. Is m a composite number?
True
Suppose -d + 9 = -n, -30 = -5*n - d - 105. Let s(x) = x + 34. Let a be s(n). Is a/120 + (8003/6 - 1) a composite number?
True
Let j = -33 + 33. Suppose -2*b - 4*b + 34338 = j. Suppose 1 - 6 = -a, -5*a - b = -4*c. Is c a prime number?
False
Let a(l) = -89*l - 69. Let x be a(-17). Suppose -5*p - 3*i = 542 - x, 2 = -2*i. Is p composite?
False
Suppose 3*r = -2*r. Let v(d) = 273 + 177 - d**3 + d - d**2 + 223. Is v(r) a composite number?
False
Suppose 4 = 4*x, 51*x - 52*x = -o + 1467132. Is o a prime number?
False
Let g be ((-36)/(-24))/((-6)/(-8)). Suppose 3*w - 6 = 0, g*w = q + 4*w + 142. Is (3/(-1))/3 - q*1 a prime number?
False
Suppose 0 = o - 2*b, -o + 4*o = b. Suppose f + 5 - 12 = o. Suppose -f*r + 164 + 1607 = 0. Is r composite?
True
Let n(j) be the second derivative of -1/20*j**5 - 12*j + 4/3*j**4 - 2*j**3 + 0 - 6*j**2. Is n(9) a prime number?
False
Suppose -q - x + 20347 = -254, -61783 = -3*q + 2*x. Is q a composite number?
True
Is 2823585/21 + (-7 - (763/(-49) - -8)) a composite number?
True
Let i = -1090757 + 1734516. Is i composite?
True
Let l(n) = -1163*n - 286. Is l(-3) a composite number?
False
Let l = 307 + -301. Is l/(-3) - -87*(2 - -41) composite?
False
Let p = -5710 + 69611. Is p a composite number?
False
Suppose 12*g - 27 = 13*g. Let o = 26 + g. Is 119 - (o + -2) - (2 - -2) prime?
False
Let g = 23394 - 7667. Is g a prime number?
True
Let r(n) = n**2 - 11*n - 14. Let u be r(-8). Let q(a) = -28*a + 19. Let s be q(-9). Suppose 0 = o - s - u. Is o a composite number?
False
Let n = 34949 - -240540. Is n prime?
True
Let d be ((-4)/(-2))/((-7)/(-70)*-4). Let p(l) = -6 - 2*l**3 - 2*l**3 + 7*l**2 + 3*l**3 + 7*l + 4*l. Is p(d) a prime number?
True
Let m = 25999 + -6026. Is m prime?
True
Let t(l) = 2*l**2 - 20*l - 37. Suppose -6 = 3*k + 36. Is t(k) a prime number?
False
Let u be 4 - -2*(-2 + 4). Suppose -28 = 2*a + u. Is 2*2721*(-3)/a prime?
True
Let j b